 1365?
1403
In base 16, what is 2d44 + -3?
2d41
In base 7, what is 0 - 22?
-22
In base 13, what is 2 + -11c?
-11a
In base 8, what is 3 - -162?
165
In base 8, what is 11 - -2?
13
In base 10, what is 3 + -13?
-10
In base 11, what is -4 + 746?
742
In base 7, what is 36 - -42?
111
In base 2, what is -111000111 - -101?
-111000010
In base 3, what is -21 - -1110?
1012
In base 12, what is 1 + 1a0?
1a1
In base 5, what is -4 + -1?
-10
In base 12, what is -2ba - 4?
-302
In base 6, what is 12 + -1330?
-1314
In base 16, what is 2f3 - -4?
2f7
In base 13, what is -5 + 22?
1a
In base 15, what is -3 - 1581?
-1584
In base 6, what is -2 - -3445?
3443
In base 3, what is -122200 + -2002?
-201202
In base 3, what is -1022011220 - 0?
-1022011220
In base 12, what is 1303 + -5?
12ba
In base 12, what is 1b + -4?
17
In base 16, what is -4 + 5?
1
In base 8, what is -27 - 11?
-40
In base 9, what is 2175 - 1?
2174
In base 4, what is 11 + -111331?
-111320
In base 11, what is -26 + 35?
a
In base 6, what is 3 + 353?
400
In base 11, what is 1 - -a7?
a8
In base 6, what is 1 - 243?
-242
In base 16, what is 9 - -11?
1a
In base 6, what is -1011 - -3?
-1004
In base 6, what is 1024 + 3?
1031
In base 6, what is -400 + -14?
-414
In base 9, what is -6 - 145?
-152
In base 8, what is 1 - 74?
-73
In base 15, what is 1 + -91a?
-919
In base 4, what is -220 - 221?
-1101
In base 12, what is 3 + 98?
9b
In base 9, what is 1526 - 4?
1522
In base 2, what is 101110011 - -11001?
110001100
In base 14, what is -149 - 0?
-149
In base 14, what is 22a + 0?
22a
In base 9, what is 30 - 718?
-678
In base 6, what is 0 + 0?
0
In base 14, what is -cb7 + 1?
-cb6
In base 10, what is 26 + 131?
157
In base 4, what is -210 + 12?
-132
In base 12, what is 424 + 0?
424
In base 8, what is -46 - 1?
-47
In base 12, what is -8b2 + -5?
-8b7
In base 16, what is 16 + -2d?
-17
In base 10, what is -3 - 1256?
-1259
In base 7, what is -30 + -120?
-150
In base 16, what is 2134 + -4?
2130
In base 13, what is -5 + -78?
-80
In base 14, what is 19 + -141?
-126
In base 11, what is -1 - 57?
-58
In base 15, what is 5d - 9?
54
In base 4, what is 320 + 30?
1010
In base 16, what is a45 + 8?
a4d
In base 6, what is 15 + 3?
22
In base 13, what is 3c + 5?
44
In base 9, what is 4753 - -5?
4758
In base 4, what is 10111 + -1?
10110
In base 9, what is -16 + -8?
-25
In base 12, what is -36 + -4?
-3a
In base 4, what is 10 + 21020?
21030
In base 5, what is 3 - 242?
-234
In base 8, what is 10405 - 0?
10405
In base 2, what is 1000 + 10111010101?
10111011101
In base 14, what is 1 - bc?
-bb
In base 7, what is -12464 - -3?
-12461
In base 13, what is -b6 - 0?
-b6
In base 14, what is -2 - 69?
-6b
In base 11, what is 173 + 2?
175
In base 10, what is -3 + 87?
84
In base 15, what is 5 + -b7?
-b2
In base 9, what is -1 + 4734?
4733
In base 10, what is -7 - -5?
-2
In base 3, what is 221012 + -21?
220221
In base 8, what is 3454 - -15?
3471
In base 13, what is 19 - 3?
16
In base 7, what is -16 + -3613?
-3632
In base 16, what is 1 - 1bd?
-1bc
In base 8, what is -4 + -417?
-423
In base 7, what is -3130 + 2?
-3125
In base 15, what is -2 + 21?
1e
In base 13, what is 3 - 2bc?
-2b9
In base 16, what is -17 + 1e?
7
In base 11, what is -3 - 2241?
-2244
In base 13, what is 6 - -163?
169
In base 15, what is 48 + -8b?
-43
In base 5, what is 4 - 100204?
-100200
In base 15, what is ea7 + 4?
eab
In base 14, what is 0 + ba?
ba
In base 14, what is -58 - 5?
-5d
In base 15, what is -12 - -a4?
92
In base 14, what is -6 + -107?
-10d
In base 12, what is 3 - 144?
-141
In base 3, what is -10 + 21?
11
In base 11, what is 483 - 0?
483
In base 8, what is 46 + 3?
51
In base 4, what is -10131 - -3?
-10122
In base 5, what is 131 - -13?
144
In base 10, what is 42 - 63?
-21
In base 16, what is -14 - -d?
-7
In base 6, what is 124 + 10?
134
In base 8, what is 5016 - -5?
5023
In base 3, what is -2002120 + 1?
-2002112
In base 4, what is -3123 + -2?
-3131
In base 3, what is -21200012 + -2?
-21200021
In base 13, what is -3c8 + -a?
-405
In base 7, what is -1 - -236?
235
In base 14, what is -8 - -19?
11
In base 12, what is 5a + 15?
73
In base 12, what is 405 + 3?
408
In base 16, what is 15 - 9?
c
In base 10, what is 121 - 3?
118
In base 13, what is -3a08 - -2?
-3a06
In base 10, what is -2 - 592?
-594
In base 2, what is 1110100 - 1?
1110011
In base 16, what is -c - d?
-19
In base 16, what is -5 + -15a?
-15f
In base 12, what is -671a - -1?
-6719
In base 4, what is 113 - 132?
-13
In base 6, what is 10 + -4321?
-4311
In base 6, what is 10 + -531?
-521
In base 2, what is -1000110011 + 1001?
-1000101010
In base 12, what is 8 + 183?
18b
In base 12, what is -27b3 - 2?
-27b5
In base 14, what is -5 + -47?
-4c
In base 16, what is -92 + 3?
-8f
In base 5, what is 10 + -22123?
-22113
In base 10, what is -286 + -5?
-291
In base 14, what is -16 + 1b?
5
In base 12, what is -4 + a05?
a01
In base 8, what is 1 + -1043?
-1042
In base 15, what is -3b6 - -4?
-3b2
In base 16, what is -1b + -14?
-2f
In base 9, what is 282 + 176?
468
In base 15, what is d - -1?
e
In base 10, what is 0 - -408?
408
In base 15, what is 90 - 11?
7e
In base 3, what is -11 + 1001110?
1001022
In base 5, what is 2001 - 210?
1241
In base 15, what is -2 + c?
a
In base 3, what is 12 + -22001?
-21212
In base 14, what is 21 - -24?
45
In base 15, what is -2eea - -5?
-2ee5
In base 7, what is -106 - -14?
-62
In base 15, what is 0 + -5a?
-5a
In base 3, what is -20120102 - 10?
-20120112
In base 11, what is 88 - 3?
85
In base 7, what is 4151 + 1?
4152
In base 2, what is 10001010010 - -1?
10001010011
In base 3, what is 1 + -10?
-2
In base 14, what is -4 - a55?
-a59
In base 14, what is 27 - 3?
24
In base 9, what is -1 - -255?
254
In base 5, what is -322 + -1?
-323
In base 3, what is 12 - 102?
-20
In base 4, what is -103003 + -10?
-103013
In base 13, what is -438 + -4?
-43c
In base 6, what is 3 + 20220?
20223
In base 9, what is 213 - 2?
211
In base 8, what is 675 - -12?
707
In base 6, what is -2 + -343?
-345
In base 8, what is -52 - 65?
-137
In base 5, what is 4442 - 3?
4434
In base 16, what is 5e - -20?
7e
In base 11, what is -73 - 3?
-76
In base 2, what is -1100010 + -1001111?
-10110001
In base 12, what is a76b - -1?
a770
In base 15, what is -4 + -252?
-256
In base 9, what is -4 - -356?
352
In base 4, what is -102 - -2210?
2102
In base 6, what is -1 + 443?
442
In base 7, what is 5 + -4605?
-4600
In base 10, what is 161 - 3?
158
In base 10, what is 6 - -293?
299
In base 9, what is -3 - 4703?
-4706
In base 15, what is 7 - -5b7?
5be
In base 13, what is -5b - 0?
-5b
In base 15, what is 82 - -1?
83
In base 7, what is -35 - -111?
43
In base 3, what is 2021121 + 0?
2021121
In base 16, what is 2 - -10?
12
In base 7, what is -5411 + 4?
-5404
In base 10, what is -20 + 104?
84
In base 4, what is -303 - -213?
-30
In base 8, what is 7 + -20?
-11
In base 13, what is 43 - -32?
75
In base 12, what is -64 + -3?
-67
In base 7, what is -2 - -1?
-1
In base 13, what is -12 - 7?
-19
In base 5, what is -1 - 141044?
-141100
In base 8, what is 5 + 424?
431
In base 11, what is 5 - -28?
32
In base 9, what is 8 - -156?
165
In base 12, what is -148 + -3?
-14b
In base 5, what is -1412 - 13?
-1430
In base 9, what is -1345 - -4?
-1341
In base 4, what is 10322 - 3?
10313
In base 16, what is b + 33?
3e
In base 16, what is -5 - 34?
-39
In base 13, what is -3a + -3?
-40
In base 9, what is -472 + -2?
-474
In base 4, what is -1023112 + 1?
-1023111
In base 4, what is 11 - -2003?
2020
In base 12, what is 1 + 219?
21a
In base 16, what is -5 - -34?
2f
In base 2, what is 11101 - -11000?
110101
In base 15, what is 1 + a0?
a1
In base 9, what is -648 + -45?
-704
In base 14, what is -2ca5 + -5?
-2caa
In base 5, what is 22 - 1223?
-1201
In base 13, what is -2 + -90?
-92
In base 5, what is -13 - -33?
20
In base 12, what is 5 + -238?
-233
In base 8, what is 11161 + 1?
11162
In base 13, what is -8 + 41?
36
In base 10, what is 0 - 20?
-20
In base 14, what is -325 - 3?
-328
In base 12, what is -aa + 52?
-58
In base 11, what is 113 + -14?
aa
In base 12, what is -760 + -2?
-762
In base 2, what is 1000 - -10001?
11001
In base 14, what is 8 - 220?
-216
In base 11, what is -475 + -3?
-478
In base 3, what is 1211 - -11?
1222
In base 12, what is -3 + -49?
-50
In base 12, what is 1 - -996?
997
In base 14, what is -5a - 5